{"id":354,"date":"2021-02-11T16:24:51","date_gmt":"2021-02-11T15:24:51","guid":{"rendered":"https:\/\/www.runnek.it\/shop\/?post_type=product&#038;p=354"},"modified":"2026-05-15T03:16:26","modified_gmt":"2026-05-15T01:16:26","slug":"edel","status":"publish","type":"product","link":"https:\/\/www.runnek.it\/shop\/p\/abbigliamento-running-uomo\/maglia-manica-corta\/edel\/","title":{"rendered":"Maglia tecnica runnek edel"},"content":{"rendered":"<p>La maglia Runnek Edel garantisce il massimo comfort per la tua corsa quotidiana. Tutto ci\u00f3 di cui hai bisogno durante la tua attivit\u00e1 sportiva lo troverai in questa maglia dal design essenziale, che offre massima traspirabilit\u00e0 e comodit\u00e1 ai runner di ogni livello, in allenamento o in gara.<\/p>\n<div class=\"avia-gallery\"><a href=\"https:\/\/www.runnek.it\/wp-content\/uploads\/tecnologia\/tecnologie-runnek.jpg\"><img decoding=\"async\" title=\"Tecnologie\" class=\"alignnone size-full wp-image-2276\" style=\"width: 80%;padding: 0\" src=\"https:\/\/www.runnek.it\/wp-content\/uploads\/tecnologia\/tecnologie.jpg\" alt=\"tecnologie runnek\" \/><\/a><\/div>\n","protected":false},"excerpt":{"rendered":"<ul>\n<li>Tessuto 100% Poliestere con tecnologia DrySens, per una massima leggerezza e morbidezza<\/li>\n<li>Tessuto Microtech sulle spalle e sulle maniche ad alta traspirabilit\u00e1 e asciugatura rapida<\/li>\n<li>Perfetta vestibilit\u00e1 grazie alla nostra tecnologia Skin4Run<\/li>\n<li>Maniche e spalle di un tono di colore pi\u00f9 scuro<\/li>\n<li>Cuciture piatte per evitare sfregature<\/li>\n<li>Dettaglio logo Runnek in transfer digitale dello stesso colore delle maniche<\/li>\n<li>Utilizzo della Tecnologia FixColor per mantenere inalterato il colore della maglia dopo il lavaggio<\/li>\n<\/ul>\n","protected":false},"featured_media":370,"comment_status":"open","ping_status":"closed","template":"","meta":{"_acf_changed":false},"product_brand":[],"product_cat":[20],"product_tag":[],"class_list":{"0":"post-354","1":"product","2":"type-product","3":"status-publish","4":"has-post-thumbnail","6":"product_cat-maglia-manica-corta","8":"first","9":"instock","10":"taxable","11":"shipping-taxable","12":"purchasable","13":"product-type-variable","14":"wvs-archive-product-wrapper"},"acf":[],"yoast_head":"<!-- This site is optimized with the Yoast SEO plugin v27.6 - https:\/\/yoast.com\/product\/yoast-seo-wordpress\/ -->\n<title>T-shirt da Running Uomo, Modello Edel | Runnek.it<\/title>\n<meta name=\"description\" content=\"Acquista online la T-shirt da running per uomo a manica corta, ad asciugatura rapida e alta traspirabilit\u00e0, perfetta per la tua corsa quotidiana.\" \/>\n<meta name=\"robots\" content=\"index, follow, max-snippet:-1, max-image-preview:large, max-video-preview:-1\" \/>\n<link rel=\"canonical\" href=\"https:\/\/www.runnek.it\/shop\/p\/abbigliamento-running-uomo\/maglia-manica-corta\/edel\/\" \/>\n<meta property=\"og:locale\" content=\"it_IT\" \/>\n<meta property=\"og:type\" content=\"article\" \/>\n<meta property=\"og:title\" content=\"T-shirt da Running Uomo, Modello Edel | Runnek.it\" \/>\n<meta property=\"og:description\" content=\"Acquista online la T-shirt da running per uomo a manica corta, ad asciugatura rapida e alta traspirabilit\u00e0, perfetta per la tua corsa quotidiana.\" \/>\n<meta property=\"og:url\" content=\"https:\/\/www.runnek.it\/shop\/p\/abbigliamento-running-uomo\/maglia-manica-corta\/edel\/\" \/>\n<meta property=\"og:site_name\" content=\"Shop Runnek\" \/>\n<meta property=\"article:publisher\" content=\"https:\/\/www.facebook.com\/runnekitalia\/\" \/>\n<meta property=\"article:modified_time\" content=\"2026-05-15T01:16:26+00:00\" \/>\n<meta property=\"og:image\" content=\"https:\/\/www.runnek.it\/shop\/wp-content\/uploads\/2021\/02\/runnek-edel-verde-fluor.jpg\" \/>\n\t<meta property=\"og:image:width\" content=\"800\" \/>\n\t<meta property=\"og:image:height\" content=\"800\" \/>\n\t<meta property=\"og:image:type\" content=\"image\/jpeg\" \/>\n<meta name=\"twitter:card\" content=\"summary_large_image\" \/>\n<meta name=\"twitter:site\" content=\"@RunnekItalia\" \/>\n<meta name=\"twitter:label1\" content=\"Tempo di lettura stimato\" \/>\n\t<meta name=\"twitter:data1\" content=\"1 minuto\" \/>\n<script type=\"application\/ld+json\" class=\"yoast-schema-graph\">{\"@context\":\"https:\\\/\\\/schema.org\",\"@graph\":[{\"@type\":\"WebPage\",\"@id\":\"https:\\\/\\\/www.runnek.it\\\/shop\\\/p\\\/abbigliamento-running-uomo\\\/maglia-manica-corta\\\/edel\\\/\",\"url\":\"https:\\\/\\\/www.runnek.it\\\/shop\\\/p\\\/abbigliamento-running-uomo\\\/maglia-manica-corta\\\/edel\\\/\",\"name\":\"T-shirt da Running Uomo, Modello Edel | Runnek.it\",\"isPartOf\":{\"@id\":\"https:\\\/\\\/www.runnek.it\\\/shop\\\/#website\"},\"primaryImageOfPage\":{\"@id\":\"https:\\\/\\\/www.runnek.it\\\/shop\\\/p\\\/abbigliamento-running-uomo\\\/maglia-manica-corta\\\/edel\\\/#primaryimage\"},\"image\":{\"@id\":\"https:\\\/\\\/www.runnek.it\\\/shop\\\/p\\\/abbigliamento-running-uomo\\\/maglia-manica-corta\\\/edel\\\/#primaryimage\"},\"thumbnailUrl\":\"https:\\\/\\\/www.runnek.it\\\/shop\\\/wp-content\\\/uploads\\\/2021\\\/02\\\/runnek-edel-verde-fluor.jpg\",\"datePublished\":\"2021-02-11T15:24:51+00:00\",\"dateModified\":\"2026-05-15T01:16:26+00:00\",\"description\":\"Acquista online la T-shirt da running per uomo a manica corta, ad asciugatura rapida e alta traspirabilit\u00e0, perfetta per la tua corsa quotidiana.\",\"breadcrumb\":{\"@id\":\"https:\\\/\\\/www.runnek.it\\\/shop\\\/p\\\/abbigliamento-running-uomo\\\/maglia-manica-corta\\\/edel\\\/#breadcrumb\"},\"inLanguage\":\"it-IT\",\"potentialAction\":[{\"@type\":\"ReadAction\",\"target\":[\"https:\\\/\\\/www.runnek.it\\\/shop\\\/p\\\/abbigliamento-running-uomo\\\/maglia-manica-corta\\\/edel\\\/\"]}]},{\"@type\":\"ImageObject\",\"inLanguage\":\"it-IT\",\"@id\":\"https:\\\/\\\/www.runnek.it\\\/shop\\\/p\\\/abbigliamento-running-uomo\\\/maglia-manica-corta\\\/edel\\\/#primaryimage\",\"url\":\"https:\\\/\\\/www.runnek.it\\\/shop\\\/wp-content\\\/uploads\\\/2021\\\/02\\\/runnek-edel-verde-fluor.jpg\",\"contentUrl\":\"https:\\\/\\\/www.runnek.it\\\/shop\\\/wp-content\\\/uploads\\\/2021\\\/02\\\/runnek-edel-verde-fluor.jpg\",\"width\":800,\"height\":800,\"caption\":\"Maglia maniche corte Edel Verde fluo uomo\"},{\"@type\":\"BreadcrumbList\",\"@id\":\"https:\\\/\\\/www.runnek.it\\\/shop\\\/p\\\/abbigliamento-running-uomo\\\/maglia-manica-corta\\\/edel\\\/#breadcrumb\",\"itemListElement\":[{\"@type\":\"ListItem\",\"position\":1,\"name\":\"Home\",\"item\":\"https:\\\/\\\/www.runnek.it\\\/shop\\\/\"},{\"@type\":\"ListItem\",\"position\":2,\"name\":\"Shop\",\"item\":\"https:\\\/\\\/www.runnek.it\\\/shop\\\/negozio\\\/\"},{\"@type\":\"ListItem\",\"position\":3,\"name\":\"Maglia tecnica runnek edel\"}]},{\"@type\":\"WebSite\",\"@id\":\"https:\\\/\\\/www.runnek.it\\\/shop\\\/#website\",\"url\":\"https:\\\/\\\/www.runnek.it\\\/shop\\\/\",\"name\":\"Shop Runnek\",\"description\":\"\",\"publisher\":{\"@id\":\"https:\\\/\\\/www.runnek.it\\\/shop\\\/#organization\"},\"potentialAction\":[{\"@type\":\"SearchAction\",\"target\":{\"@type\":\"EntryPoint\",\"urlTemplate\":\"https:\\\/\\\/www.runnek.it\\\/shop\\\/?s={search_term_string}\"},\"query-input\":{\"@type\":\"PropertyValueSpecification\",\"valueRequired\":true,\"valueName\":\"search_term_string\"}}],\"inLanguage\":\"it-IT\"},{\"@type\":\"Organization\",\"@id\":\"https:\\\/\\\/www.runnek.it\\\/shop\\\/#organization\",\"name\":\"Shop Runnek\",\"url\":\"https:\\\/\\\/www.runnek.it\\\/shop\\\/\",\"logo\":{\"@type\":\"ImageObject\",\"inLanguage\":\"it-IT\",\"@id\":\"https:\\\/\\\/www.runnek.it\\\/shop\\\/#\\\/schema\\\/logo\\\/image\\\/\",\"url\":\"https:\\\/\\\/www.runnek.it\\\/shop\\\/wp-content\\\/uploads\\\/2020\\\/11\\\/logo-runnek.png\",\"contentUrl\":\"https:\\\/\\\/www.runnek.it\\\/shop\\\/wp-content\\\/uploads\\\/2020\\\/11\\\/logo-runnek.png\",\"width\":680,\"height\":252,\"caption\":\"Shop Runnek\"},\"image\":{\"@id\":\"https:\\\/\\\/www.runnek.it\\\/shop\\\/#\\\/schema\\\/logo\\\/image\\\/\"},\"sameAs\":[\"https:\\\/\\\/www.facebook.com\\\/runnekitalia\\\/\",\"https:\\\/\\\/x.com\\\/RunnekItalia\",\"https:\\\/\\\/instagram.com\\\/runnek\",\"https:\\\/\\\/www.youtube.com\\\/user\\\/magliarunningIT\"]}]}<\/script>\n<!-- \/ Yoast SEO plugin. -->","yoast_head_json":{"title":"T-shirt da Running Uomo, Modello Edel | Runnek.it","description":"Acquista online la T-shirt da running per uomo a manica corta, ad asciugatura rapida e alta traspirabilit\u00e0, perfetta per la tua corsa quotidiana.","robots":{"index":"index","follow":"follow","max-snippet":"max-snippet:-1","max-image-preview":"max-image-preview:large","max-video-preview":"max-video-preview:-1"},"canonical":"https:\/\/www.runnek.it\/shop\/p\/abbigliamento-running-uomo\/maglia-manica-corta\/edel\/","og_locale":"it_IT","og_type":"article","og_title":"T-shirt da Running Uomo, Modello Edel | Runnek.it","og_description":"Acquista online la T-shirt da running per uomo a manica corta, ad asciugatura rapida e alta traspirabilit\u00e0, perfetta per la tua corsa quotidiana.","og_url":"https:\/\/www.runnek.it\/shop\/p\/abbigliamento-running-uomo\/maglia-manica-corta\/edel\/","og_site_name":"Shop Runnek","article_publisher":"https:\/\/www.facebook.com\/runnekitalia\/","article_modified_time":"2026-05-15T01:16:26+00:00","og_image":[{"width":800,"height":800,"url":"https:\/\/www.runnek.it\/shop\/wp-content\/uploads\/2021\/02\/runnek-edel-verde-fluor.jpg","type":"image\/jpeg"}],"twitter_card":"summary_large_image","twitter_site":"@RunnekItalia","twitter_misc":{"Tempo di lettura stimato":"1 minuto"},"schema":{"@context":"https:\/\/schema.org","@graph":[{"@type":"WebPage","@id":"https:\/\/www.runnek.it\/shop\/p\/abbigliamento-running-uomo\/maglia-manica-corta\/edel\/","url":"https:\/\/www.runnek.it\/shop\/p\/abbigliamento-running-uomo\/maglia-manica-corta\/edel\/","name":"T-shirt da Running Uomo, Modello Edel | Runnek.it","isPartOf":{"@id":"https:\/\/www.runnek.it\/shop\/#website"},"primaryImageOfPage":{"@id":"https:\/\/www.runnek.it\/shop\/p\/abbigliamento-running-uomo\/maglia-manica-corta\/edel\/#primaryimage"},"image":{"@id":"https:\/\/www.runnek.it\/shop\/p\/abbigliamento-running-uomo\/maglia-manica-corta\/edel\/#primaryimage"},"thumbnailUrl":"https:\/\/www.runnek.it\/shop\/wp-content\/uploads\/2021\/02\/runnek-edel-verde-fluor.jpg","datePublished":"2021-02-11T15:24:51+00:00","dateModified":"2026-05-15T01:16:26+00:00","description":"Acquista online la T-shirt da running per uomo a manica corta, ad asciugatura rapida e alta traspirabilit\u00e0, perfetta per la tua corsa quotidiana.","breadcrumb":{"@id":"https:\/\/www.runnek.it\/shop\/p\/abbigliamento-running-uomo\/maglia-manica-corta\/edel\/#breadcrumb"},"inLanguage":"it-IT","potentialAction":[{"@type":"ReadAction","target":["https:\/\/www.runnek.it\/shop\/p\/abbigliamento-running-uomo\/maglia-manica-corta\/edel\/"]}]},{"@type":"ImageObject","inLanguage":"it-IT","@id":"https:\/\/www.runnek.it\/shop\/p\/abbigliamento-running-uomo\/maglia-manica-corta\/edel\/#primaryimage","url":"https:\/\/www.runnek.it\/shop\/wp-content\/uploads\/2021\/02\/runnek-edel-verde-fluor.jpg","contentUrl":"https:\/\/www.runnek.it\/shop\/wp-content\/uploads\/2021\/02\/runnek-edel-verde-fluor.jpg","width":800,"height":800,"caption":"Maglia maniche corte Edel Verde fluo uomo"},{"@type":"BreadcrumbList","@id":"https:\/\/www.runnek.it\/shop\/p\/abbigliamento-running-uomo\/maglia-manica-corta\/edel\/#breadcrumb","itemListElement":[{"@type":"ListItem","position":1,"name":"Home","item":"https:\/\/www.runnek.it\/shop\/"},{"@type":"ListItem","position":2,"name":"Shop","item":"https:\/\/www.runnek.it\/shop\/negozio\/"},{"@type":"ListItem","position":3,"name":"Maglia tecnica runnek edel"}]},{"@type":"WebSite","@id":"https:\/\/www.runnek.it\/shop\/#website","url":"https:\/\/www.runnek.it\/shop\/","name":"Shop Runnek","description":"","publisher":{"@id":"https:\/\/www.runnek.it\/shop\/#organization"},"potentialAction":[{"@type":"SearchAction","target":{"@type":"EntryPoint","urlTemplate":"https:\/\/www.runnek.it\/shop\/?s={search_term_string}"},"query-input":{"@type":"PropertyValueSpecification","valueRequired":true,"valueName":"search_term_string"}}],"inLanguage":"it-IT"},{"@type":"Organization","@id":"https:\/\/www.runnek.it\/shop\/#organization","name":"Shop Runnek","url":"https:\/\/www.runnek.it\/shop\/","logo":{"@type":"ImageObject","inLanguage":"it-IT","@id":"https:\/\/www.runnek.it\/shop\/#\/schema\/logo\/image\/","url":"https:\/\/www.runnek.it\/shop\/wp-content\/uploads\/2020\/11\/logo-runnek.png","contentUrl":"https:\/\/www.runnek.it\/shop\/wp-content\/uploads\/2020\/11\/logo-runnek.png","width":680,"height":252,"caption":"Shop Runnek"},"image":{"@id":"https:\/\/www.runnek.it\/shop\/#\/schema\/logo\/image\/"},"sameAs":["https:\/\/www.facebook.com\/runnekitalia\/","https:\/\/x.com\/RunnekItalia","https:\/\/instagram.com\/runnek","https:\/\/www.youtube.com\/user\/magliarunningIT"]}]}},"_links":{"self":[{"href":"https:\/\/www.runnek.it\/shop\/wp-json\/wp\/v2\/product\/354","targetHints":{"allow":["GET"]}}],"collection":[{"href":"https:\/\/www.runnek.it\/shop\/wp-json\/wp\/v2\/product"}],"about":[{"href":"https:\/\/www.runnek.it\/shop\/wp-json\/wp\/v2\/types\/product"}],"replies":[{"embeddable":true,"href":"https:\/\/www.runnek.it\/shop\/wp-json\/wp\/v2\/comments?post=354"}],"wp:featuredmedia":[{"embeddable":true,"href":"https:\/\/www.runnek.it\/shop\/wp-json\/wp\/v2\/media\/370"}],"wp:attachment":[{"href":"https:\/\/www.runnek.it\/shop\/wp-json\/wp\/v2\/media?parent=354"}],"wp:term":[{"taxonomy":"product_brand","embeddable":true,"href":"https:\/\/www.runnek.it\/shop\/wp-json\/wp\/v2\/product_brand?post=354"},{"taxonomy":"product_cat","embeddable":true,"href":"https:\/\/www.runnek.it\/shop\/wp-json\/wp\/v2\/product_cat?post=354"},{"taxonomy":"product_tag","embeddable":true,"href":"https:\/\/www.runnek.it\/shop\/wp-json\/wp\/v2\/product_tag?post=354"}],"curies":[{"name":"wp","href":"https:\/\/api.w.org\/{rel}","templated":true}]}}